 (base 12) to base 11
-80
Convert -61 (base 16) to base 6.
-241
-11 (base 8) to base 3
-100
What is -1033 (base 4) in base 16?
-4f
What is 1 (base 2) in base 8?
1
Convert -2 (base 4) to base 3.
-2
Convert 8 (base 9) to base 15.
8
What is 24 (base 11) in base 12?
22
Convert -11 (base 6) to base 9.
-7
Convert -172 (base 8) to base 9.
-145
75 (base 11) to base 10
82
What is -12 (base 5) in base 8?
-7
Convert -3 (base 6) to base 8.
-3
-2 (base 5) to base 4
-2
What is 6 (base 11) in base 3?
20
What is 9 (base 10) in base 16?
9
7 (base 16) to base 5
12
Convert 10 (base 4) to base 14.
4
51 (base 16) to base 8
121
What is -2 (base 8) in base 16?
-2
Convert -323 (base 4) to base 15.
-3e
What is 2a (base 15) in base 2?
101000
-171 (base 9) to base 14
-a5
2001 (base 4) to base 3
11210
4 (base 10) to base 13
4
Convert 4 (base 5) to base 11.
4
Convert -44 (base 7) to base 14.
-24
What is -20 (base 3) in base 10?
-6
What is 4 (base 5) in base 7?
4
Convert 23 (base 13) to base 6.
45
140 (base 11) to base 2
10100101
Convert -31 (base 4) to base 15.
-d
What is -3 (base 5) in base 10?
-3
-33 (base 4) to base 14
-11
What is 304 (base 7) in base 6?
411
Convert 25 (base 10) to base 15.
1a
What is -110101 (base 2) in base 4?
-311
What is -323 (base 6) in base 13?
-96
What is -7 (base 15) in base 12?
-7
What is -3 (base 7) in base 8?
-3
What is -5 (base 12) in base 16?
-5
Convert -23 (base 10) to base 15.
-18
What is 23 (base 12) in base 5?
102
What is 0 (base 14) in base 2?
0
3 (base 6) to base 7
3
Convert -10000 (base 2) to base 13.
-13
What is 2 (base 4) in base 6?
2
Convert -1 (base 16) to base 14.
-1
Convert 137 (base 8) to base 5.
340
What is 2 (base 16) in base 5?
2
What is 30 (base 7) in base 8?
25
-3 (base 15) to base 2
-11
Convert -53 (base 6) to base 10.
-33
-21 (base 6) to base 5
-23
-2 (base 6) to base 8
-2
Convert 25 (base 13) to base 2.
11111
Convert 5 (base 8) to base 6.
5
Convert -9 (base 15) to base 4.
-21
6 (base 14) to base 6
10
What is -55 (base 14) in base 8?
-113
Convert -169 (base 12) to base 10.
-225
-77 (base 14) to base 15
-70
-69 (base 14) to base 12
-79
What is -9 (base 14) in base 7?
-12
-1 (base 13) to base 2
-1
-2120 (base 5) to base 10
-285
-11 (base 4) to base 8
-5
-86 (base 12) to base 5
-402
4 (base 13) to base 5
4
Convert 67 (base 10) to base 5.
232
What is -7 (base 14) in base 7?
-10
What is -8 (base 15) in base 12?
-8
2 (base 6) to base 7
2
-643 (base 7) to base 5
-2300
-16 (base 13) to base 3
-201
Convert 17 (base 16) to base 9.
25
What is 0 (base 6) in base 15?
0
Convert 5 (base 15) to base 12.
5
Convert -2 (base 10) to base 4.
-2
Convert b6 (base 13) to base 11.
126
What is 30 (base 14) in base 2?
101010
What is 22 (base 3) in base 16?
8
-55 (base 15) to base 8
-120
What is ab (base 12) in base 8?
203
4 (base 15) to base 13
4
What is -462 (base 7) in base 14?
-132
Convert -1 (base 6) to base 14.
-1
What is 21 (base 3) in base 4?
13
12 (base 4) to base 6
10
-41 (base 13) to base 10
-53
-21 (base 12) to base 11
-23
Convert -8 (base 11) to base 14.
-8
10101100 (base 2) to base 10
172
Convert -16 (base 14) to base 15.
-15
Convert -220 (base 4) to base 16.
-28
What is -10 (base 7) in base 11?
-7
Convert 3 (base 12) to base 9.
3
-15 (base 16) to base 10
-21
Convert -4 (base 8) to base 2.
-100
-1 (base 10) to base 3
-1
What is 1 (base 12) in base 7?
1
-4 (base 12) to base 11
-4
3 (base 9) to base 7
3
What is -10100 (base 2) in base 14?
-16
Convert -25 (base 12) to base 6.
-45
What is -62 (base 16) in base 11?
-8a
Convert 0 (base 10) to base 11.
0
10 (base 2) to base 10
2
Convert -1a (base 16) to base 2.
-11010
What is -100 (base 2) in base 14?
-4
What is 104 (base 10) in base 11?
95
-343 (base 5) to base 4
-1202
Convert 0 (base 9) to base 4.
0
Convert 450 (base 6) to base 12.
126
6 (base 14) to base 9
6
What is 4 (base 5) in base 4?
10
Convert 47 (base 8) to base 3.
1110
Convert -1b (base 15) to base 12.
-22
12 (base 4) to base 12
6
What is -3 (base 9) in base 4?
-3
-7 (base 8) to base 11
-7
What is 0 (base 3) in base 7?
0
254 (base 6) to base 9
127
2 (base 6) to base 15
2
-11 (base 5) to base 3
-20
What is -51 (base 12) in base 2?
-111101
179 (base 11) to base 6
543
a (base 14) to base 8
12
-11 (base 15) to base 9
-17
-125 (base 8) to base 2
-1010101
What is 2 (base 13) in base 8?
2
What is -11 (base 12) in base 5?
-23
Convert b (base 14) to base 4.
23
5 (base 13) to base 7
5
What is -201 (base 3) in base 9?
-21
Convert -10 (base 4) to base 3.
-11
350 (base 6) to base 14
9c
Convert 1100 (base 3) to base 11.
33
What is 34 (base 5) in base 7?
25
What is -2 (base 15) in base 12?
-2
What is 111010 (base 2) in base 9?
64
Convert -20 (base 15) to base 13.
-24
Convert 11 (base 2) to base 14.
3
Convert a (base 12) to base 15.
a
Convert 105 (base 8) to base 16.
45
Convert 0 (base 15) to base 12.
0
What is -1 (base 16) in base 5?
-1
Convert -20 (base 12) to base 15.
-19
What is 10 (base 4) in base 9?
4
17 (base 8) to base 6
23
a (base 16) to base 6
14
-1 (base 5) to base 14
-1
Convert -43 (base 7) to base 2.
-11111
Convert -100 (base 2) to base 9.
-4
-272 (base 8) to base 3
-20220
What is 10 (base 6) in base 7?
6
8 (base 16) to base 8
10
Convert -74 (base 9) to base 2.
-1000011
What is -14 (base 8) in base 2?
-1100
-57 (base 13) to base 10
-72
What is -46 (base 10) in base 8?
-56
Convert -e (base 16) to base 8.
-16
181 (base 10) to base 12
131
Convert -42 (base 9) to base 13.
-2c
What is 10 (base 3) in base 2?
11
-9 (base 15) to base 4
-21
What is -100 (base 2) in base 13?
-4
1103 (base 4) to base 7
146
Convert -33 (base 6) to base 14.
-17
Convert 3 (base 11) to base 14.
3
Convert 12 (base 6) to base 14.
8
What is -1 (base 5) in base 11?
-1
Convert -36 (base 7) to base 10.
-27
Convert 4 (base 10) to base 14.
4
-1 (base 12) to base 15
-1
-35 (base 16) to base 7
-104
Convert -100 (base 3) to base 13.
-9
-37 (base 15) to base 10
-52
-44 (base 7) to base 15
-22
15 (base 6) to base 4
23
What is 11 (base 8) in base 9?
10
What is d (base 14) in base 9?
14
What is -c7 (base 14) in base 3?
-20111
What is 23 (base 16) in base 14?
27
What is -11 (base 2) in base 3?
-10
Convert -10 (base 4) to base 10.
-4
-12 (base 13) to base 8
-17
-1 (base 13) to base 4
-1
What is 9 (base 10) in base 14?
9
What is 3 (base 5) in base 2?
11
What is -2 (base 9) in base 2?
-10
Convert 7 (base 15) to base 8.
7
Convert 4 (base 15) to base 5.
4
Convert -2 (base 4) to base 14.
-2
Convert -50 (base 12) to base 5.
-220
Convert 0 (base 12) to base 14.
0
-4 (base 13) to base 7
-4
2211 (base 4) to base 10
165
Convert -2 (base 16) to base 9.
-2
10 (base 2) to base 4
2
What is 163 (base 11) in base 15?
ca
Convert 8b (base 16) to base 9.
164
Convert 1 (base 15) to base 8.
1
0 (base 12) to base 15
0
-16 (base 15) to base 5
-41
What is 330 (base 5) in base 11?
82
4 (base 8) to base 7
4
What is -a5 (base 11) in base 5?
-430
What is 3 (base 5) in base 6?
3
Convert 244 (base 8) to base 2.
10100100
103 (base 12) to base 3
12110
What is 60 (base 16) in base 14?
6c
Convert 12122 (base 3) to base 8.
230
Convert 5 (base 15) to base 11.
5
What is 0 (base 12) in base 10?
0
-30 (base 8) to base 9
-26
What is 0 (base 14) in base 10?
0
135 (base 10) to base 2
10000111
-2002 (base 3) to base 5
-211
What is -20 (base 6) in base 15?
-c
What is 13 (base 10) in base 8?
15
6 (base 14) to base 6
10
45 (base 11) to base 14
37
What is -12021 (base 3) in base 2?
-10001110
What is -3 (base 6) in base 5?
-3
What is -81 (base 13) in base 16?
-69
What is 10 (base 13) in base 12?
11
Convert -13 (base 6) to base 2.
-1001
-55 (base 16) to base 13
-67
Convert 1204 (base 5) to base 10.
179
Convert 1 (base 12) to base 15.
1
12 (base 7) to base 6
13
4 (base 14) to base 10
4
What is -14 (base 12) in base 4?
-100
What is 0 (base 15) in base 13?
0
Convert -cf (base 16) to base 15.
-dc
3 (base 6) to base 15
3
What is -30 (base 4) in base 9?
-13
Convert -1 (base 4) to base 14.
-1
What is 170 (base 12) in base 4?
3210
Convert -12 (base 12) to base 7.
-20
9 (base 11) to base 4
21
Convert 117 (base 12) to base 3.
20001
What is -2 (base 3) in base 16?
-2
-4 (base 9) to base 14
-4
What is 211 (base 4) in base 9?
41
Convert -2 (base 3) to base 2.
-10
What is -131 (base 4) in base 6?
-45
What is -17 (base 9) in base 12?
-14
